prime factors of (0 + -535)*5/b.
107
Let y(i) = -i + 30. Let s be y(18). Suppose 6*t = 3*t + s. Suppose 4*z - 224 = -3*x - 40, 0 = t*x + 16. What are the prime factors of z?
7
Let r = -332 - -711. Let l = r + -127. Suppose o = -5*o + l. List the prime factors of o.
2, 3, 7
Let h(g) = g**2 + 4*g + 8. Let t be (1 - -1)/(((-24)/116)/(-3)). Suppose -4*i - 57 + t = 0. What are the prime factors of h(i)?
29
Let z be 608/44 + 5*8/220. Suppose -5*l + 2*i + 1125 = 0, z*i - 9*i = 3*l - 656. What are the prime factors of l?
227
Suppose -70 = s - 15*s. Suppose -i - 2*f + 460 = -120, 0 = -5*i + s*f + 2840. List the prime factors of i.
2, 11, 13
Suppose 4 = -4*n - 0, -4*p + n = -2529. Suppose -1238 = -4*q - 3*r, q - 3*q = -5*r - p. Let x = 548 - q. What are the prime factors of x?
3, 79
Suppose 15*u = 14*u - 60. List the prime factors of (-2 - -22)*3/((-18)/u).
2, 5
What are the prime factors of 826/(-203) + 4 + (-1524950)/(-203)?
2, 3, 313
Let t(n) = -2*n - 25. Let x be t(-14). Let s(k) = -16*k - 2. Let j(d) = 15*d + 2. Let b(w) = -5*j(w) - 6*s(w). What are the prime factors of b(x)?
5, 13
Let m(c) = 345*c - 802. List the prime factors of m(83).
13, 2141
Let f(n) = -n**2 + 14*n + 6. Let w be f(12). Let i be w*2/8*4/6. Suppose u = -3*s + 358, 0 = -4*u - i - 3. List the prime factors of s.
2, 3, 5
Let d be ((-26)/(-16) - 2) + 2862/(-48). Let u be (44/2 - 3)*-3. Let n = u - d. What are the prime factors of n?
3
Suppose 320 = 4*o + 292, -4*m = 4*o - 44900. What are the prime factors of m?
2, 71, 79
Let m(x) = -2*x**2 + 26*x + 2. Let k be m(13). Suppose k*z + z - 792 = 0. Suppose 0 = 17*g - 21*g + z. What are the prime factors of g?
2, 3, 11
Suppose 9*h + 2*r = 7*h + 19000, -5*h + 2*r = -47535. Suppose -18*s + h = -5921. List the prime factors of s.
857
Suppose 2058014 = 113*g - 1201550 - 1377956. List the prime factors of g.
2, 3, 5, 19
Let d(v) be the third derivative of v**6/120 - 3*v**5/20 + 13*v**4/24 + 3*v**3/2 + 9*v**2. Let a be d(7). What are the prime factors of 59 + (-3 + 5)/a?
2, 3, 5
Let g be (-14)/(-28)*(-3 + 1). Let o be (-2 + (-10)/g)/((-16)/296). Let h = 246 + o. List the prime factors of h.
2, 7
Let h(o) = 3*o + 22. Let s be h(-8). Let z be (-5 - s)*(-14 + 2)/1. Let p = z - -11. What are the prime factors of p?
47
Suppose j - 2 - 4 = 0. Suppose 5*n = -6*b + 3*b - 43, -4*b - 3*n = 72. What are the prime factors of j/21 - (4 + 456/b)?
2, 3
Let d(v) = -v**3 + 14*v**2 - 6*v + 22. Let z(c) = 3*c + 57. Let p be z(-15). List the prime factors of d(p).
2, 7, 17
Suppose 3*i - 19983 - 15387 = -4*r, -r = 3*i - 8856. List the prime factors of r.
2, 3, 491
Let t = 31 - 30. Let j be (3/(-6))/((-39)/(-36) - t). List the prime factors of ((-4)/j + 6)/(2/42).
2, 5, 7
Let l = -7343 - -11657. List the prime factors of l.
2, 3, 719
Let c = 59 + -55. Let y be -7 + c/(0 + 4). Let x(l) = -l + 43. List the prime factors of x(y).
7
Let q(z) = -9*z**2 + 25*z - 5. Let s(t) = 4*t**2 - 13*t + 3. Suppose 0 = 3*v - 10 + 4. Let j(u) = v*q(u) + 5*s(u). What are the prime factors of j(10)?
5, 11
Let z(w) = 5*w - 1. Let a be z(1). Let c be 1/2 + 914/a. Suppose -4*m + 87 = -4*l - c, 5 = -5*l. What are the prime factors of m?
2, 3, 13
Suppose -16 = 2*i + s, 3*i + 24 = 2*s - s. What are the prime factors of (-2628)/i - -1 - (-15)/(-10)?
2, 41
Let r(g) = -g. Let v be r(0). Let h(s) = -s**2 - 27*s + 36. Let p be h(-28). Suppose -6*j + p*j - 64 = v. List the prime factors of j.
2
Let x = -1441 - -7698. List the prime factors of x.
6257
Let l(y) = 27*y - 162. Let n be l(5). Suppose -2*j = -4*j + 2*b + 62, j - 55 = -5*b. Let p = n + j. What are the prime factors of p?
2
Let k = -23296 + 65653. What are the prime factors of k?
3, 7, 2017
Let v be 2*(-1)/13 - (-114)/741. Suppose -8*m + 13294 - 2814 = v. List the prime factors of m.
2, 5, 131
Suppose -4 - 2 = 2*j. Let s be 6/j*(-107)/2. Suppose -2*g = -247 - s. List the prime factors of g.
3, 59
Suppose -172 + 952 = 2*v. Let b = 603 - v. Suppose 2*i - 3*g - b - 29 = 0, 353 = 3*i - 2*g. List the prime factors of i.
5, 23
Let r(j) = 77*j + 346. List the prime factors of r(49).
3, 1373
Let s be -3 + (-5)/(20/24). Let p be ((-9)/s)/(-1*1/9). Let i(c) = c**3 + 9*c**2 - 3*c + 9. What are the prime factors of i(p)?
2, 3
Suppose -k + 48552 = 4*o, -3*o - 32*k = -28*k - 36388. List the prime factors of o.
2, 5, 607
Let h(l) = 1456*l**2 + 2*l - 22. List the prime factors of h(-3).
2, 7, 467
Let s = -851 + 560. List the prime factors of -3*((-184)/(-36) - 5)*s.
97
Let g(o) = 7310*o + 70. List the prime factors of g(9).
2, 5, 37, 89
Let x(v) = 22*v + 67*v - 37 + 34*v + 14*v. List the prime factors of x(3).
2, 11, 17
Let r(x) = 4*x**2 + 60*x + 432. List the prime factors of r(-29).
2, 257
Let y(p) = 50*p**3 - 2*p**2 - 6*p + 24. List the prime factors of y(3).
2, 3, 223
Let t = -2901 + 46995. List the prime factors of t.
2, 3, 7349
Suppose -k = -7 - 12. Suppose k*z = 21*z - 954. Suppose 14*c - 17*c + z = 0. What are the prime factors of c?
3, 53
Let p be 600/160*(-392)/(-6). Let j = 487 - p. What are the prime factors of j?
2, 11
Suppose -58*o + 12 = -54*o. Suppose -o*d - 256 = 2*j - j, -4*d - 4*j = 344. Let h = d + 210. List the prime factors of h.
5
Let k be 1 + 1 + ((-16)/(-2) - -861). Let s = k - 522. What are the prime factors of s?
349
Let u be (-664)/(-72) + (-10)/45. Suppose u*o = 21*o - 4728. What are the prime factors of o?
2, 197
Let t(n) = 9276*n - 2666. What are the prime factors of t(6)?
2, 5, 7, 757
Let r(b) be the first derivative of b**2 + 26*b + 34. Let j be (7 + -1)*(-2)/3. What are the prime factors of r(j)?
2, 3
Let t be 47/(3 - (-16)/14 - 4). List the prime factors of 17/((-51)/18) + t.
17, 19
Let v(t) = 25*t**2 - t. Suppose 8 = -p - 8. Let w be ((-12)/8)/((-12)/p). List the prime factors of v(w).
2, 3, 17
Let v(j) = -j**3 + 42*j**2 + 69*j - 96. Suppose -217 = -5*b - 2*x, -4*x + 159 = 5*b - 60. List the prime factors of v(b).
2, 7, 73
Let v be 65/(-260) + (-3289)/(-4). Suppose -2*h - 5 = 5, -2*r - 4*h = -136. Suppose 4*w + r - v = 0. List the prime factors of w.
2, 3, 31
Suppose -4*l + 2*l = 8. Let v be 195/27 + l + (-8)/36. Suppose 35 = -3*i + 2*n + 440, 384 = v*i + 5*n. What are the prime factors of i?
7, 19
Let a be 0/((3/(-5))/((-7)/35)). Suppose 2*r + f - 87 = 0, -3*r + 138 = -a*f - f. What are the prime factors of r?
3, 5
Let y = -1866 + 4175. Let r = y - 1088. What are the prime factors of r?
3, 11, 37
Let g be (0 + 3/2)*24. Suppose -7*a + 4*a = -g. Suppose a*p = 4*p + 672. What are the prime factors of p?
2, 3, 7
Suppose 5*z + 0*z - 5 = 0. Let q be 3 - z - (177 - -13). Let t = 339 + q. What are the prime factors of t?
151
Let t(i) = i - 1. Let k(f) = f + 12. Let h(m) = -k(m) - 2*t(m). Let d be h(-4). Suppose -g = d*g - 27. List the prime factors of g.
3
Let b be (279 - -1) + (6 - 10). Suppose -b - 153 = -t. What are the prime factors of t?
3, 11, 13
Let x(c) = 2*c - 4. Let p(j) = j - 2. Let m(f) = 5*p(f) - 3*x(f). Let i be m(5). Let d = i + 230. List the prime factors of d.
227
Let r(i) = i**3 + 4*i**2 + 10*i - 218. What are the prime factors of r(7)?
17, 23
Let u be 2*((-539)/(-14))/(-11). Let i(g) = -g**3 + 5*g**2 - 8*g - 14. List the prime factors of i(u).
2, 3, 5, 7
List the prime factors of (21 - 16)*(4179 + 3).
2, 3, 5, 17, 41
What are the prime factors of (-15)/(-3) + (15812 - -9) + 1 + 1?
2, 3, 1319
Suppose -4*k + 5*v + 1430 = -0*k, 3*k + 5*v - 1055 = 0. Suppose p = 2*d - k, 5*p + 7 - 2 = 0. List the prime factors of d.
3, 59
Let u(f) be the second derivative of 7*f**4/6 - 7*f**3/6 - f**2 - 122*f. Let m = 0 - 2. What are the prime factors of u(m)?
2, 17
Let l be (-336)/63*(-2)/((-16)/(-486)). Suppose -2*n + l = 5*o - 420, n = -o + 147. List the prime factors of o.
2, 3, 5
Let t be 1*(-5 - (3 - 5)). Let b be 216/(-99) - 4/(-22). What are the prime factors of (-218 + 0)*(b - 2 - t)?
2, 109
Suppose 5370 = -4*i + 1110. What are the prime factors of i/9*(0 - 3)?
5, 71
Let s = -631 - -643. Suppose -4*g + s = -4, -5*n = -4*g - 6324. List the prime factors of n.
2, 317
What are the prime factors of 12*(-16 + 4726)/(-6)*(-38)/15?
2, 19, 157
Let t be (120/18 - -9) + 4/(-6). Let r(o) = 6*o**2 - 56*o + 26. What are the prime factors of r(t)?
2, 67
Let c(y) = 10*y**2 - 3*y + 1. Suppose -2*q + 6*q = -28. Let t = -5 - q. List 